{"version":"1.0","provider_name":"SPACE Aero","provider_url":"https:\/\/www.space-aero.org\/de\/","author_name":"Alexander Koenemann","author_url":"https:\/\/www.space-aero.org\/de\/author\/alexander-koenemannairbus-com\/","title":"Datenschutzgrundverordnung - SPACE Aero","type":"rich","width":600,"height":338,"html":"<blockquote class=\"wp-embedded-content\"><a href=\"https:\/\/www.space-aero.org\/de\/datenschutzgrundverordnung\/\">Datenschutzgrundverordnung<\/a><\/blockquote>\n<script type='text\/javascript'>\n<!--\/\/--><![CDATA[\/\/><!--\n\t\t\/*! This file is auto-generated *\/\n\t\t!function(c,d){\"use strict\";var e=!1,n=!1;if(d.querySelector)if(c.addEventListener)e=!0;if(c.wp=c.wp||{},!c.wp.receiveEmbedMessage)if(c.wp.receiveEmbedMessage=function(e){var t=e.data;if(t)if(t.secret||t.message||t.value)if(!\/[^a-zA-Z0-9]\/.test(t.secret)){for(var r,a,i,s=d.querySelectorAll('iframe[data-secret=\"'+t.secret+'\"]'),n=d.querySelectorAll('blockquote[data-secret=\"'+t.secret+'\"]'),o=0;o<n.length;o++)n[o].style.display=\"none\";for(o=0;o<s.length;o++)if(r=s[o],e.source===r.contentWindow){if(r.removeAttribute(\"style\"),\"height\"===t.message){if(1e3<(i=parseInt(t.value,10)))i=1e3;else if(~~i<200)i=200;r.height=i}if(\"link\"===t.message)if(a=d.createElement(\"a\"),i=d.createElement(\"a\"),a.href=r.getAttribute(\"src\"),i.href=t.value,i.host===a.host)if(d.activeElement===r)c.top.location.href=t.value}}},e)c.addEventListener(\"message\",c.wp.receiveEmbedMessage,!1),d.addEventListener(\"DOMContentLoaded\",t,!1),c.addEventListener(\"load\",t,!1);function t(){if(!n){n=!0;for(var e,t,r=-1!==navigator.appVersion.indexOf(\"MSIE 10\"),a=!!navigator.userAgent.match(\/Trident.*rv:11\\.\/),i=d.querySelectorAll(\"iframe.wp-embedded-content\"),s=0;s<i.length;s++){if(!(e=i[s]).getAttribute(\"data-secret\"))t=Math.random().toString(36).substr(2,10),e.src+=\"#?secret=\"+t,e.setAttribute(\"data-secret\",t);if(r||a)(t=e.cloneNode(!0)).removeAttribute(\"security\"),e.parentNode.replaceChild(t,e)}}}}(window,document);\n\/\/--><!]]>\n<\/script><iframe sandbox=\"allow-scripts\" security=\"restricted\" src=\"https:\/\/www.space-aero.org\/de\/datenschutzgrundverordnung\/embed\/\" width=\"600\" height=\"338\" title=\"&#8222;Datenschutzgrundverordnung&#8220; &#8212; SPACE Aero\" frameborder=\"0\" marginwidth=\"0\" marginheight=\"0\" scrolling=\"no\" class=\"wp-embedded-content\"><\/iframe>","description":"[vc_row][vc_column][vc_column_text]Datenschutzerkl\u00e4rung[\/vc_column_text][\/vc_column][\/vc_row][vc_row][vc_column][vc_column_text] Datenschutzerkl\u00e4rung Die Beachtung der Bestimmungen der Datenschutz-Grundverordnung des Bundesdatenschutzgesetzes ist f\u00fcr uns eine Selbstverst\u00e4ndlichkeit. Unsere technischen und organisatorischen Ma\u00dfnahmen erf\u00fcllen die gesetzl. Datenschutzvorschriften. Bitte lesen Sie unsere Datenschutzerkl\u00e4rung. Personenbezogene Daten Personenbezogene Daten sind Informationen zu Ihrer Identit\u00e4t z.B. Angaben&hellip;","thumbnail_url":"https:\/\/www.space-aero.org\/wp-content\/uploads\/2018\/07\/photo_home_space-1.jpg","thumbnail_width":2000,"thumbnail_height":1329}

[vc_row][vc_column][vc_column_text]Datenschutzerklärung[/vc_column_text][/vc_column][/vc_row][vc_row][vc_column][vc_column_text] Datenschutzerklärung Die Beachtung der Bestimmungen der Datenschutz-Grundverordnung des Bundesdatenschutzgesetzes ist für uns eine Selbstverständlichkeit. Unsere technischen und organisatorischen Maßnahmen erfüllen die gesetzl. Datenschutzvorschriften. Bitte lesen Sie unsere Datenschutzerklärung. Personenbezogene Daten Personenbezogene Daten sind Informationen zu Ihrer Identität z.B. Angaben&hellip;
