{"version":"1.0","provider_name":"SPACE Aero","provider_url":"https:\/\/www.space-aero.org\/es\/","author_name":"Susana Irene Dorado Navas","author_url":"https:\/\/www.space-aero.org\/es\/author\/susanairene-dorado-navasspace-aero-org\/","title":"Asamblea General SPACE 2024 - SPACE Aero","type":"rich","width":600,"height":338,"html":"<blockquote class=\"wp-embedded-content\"><a href=\"https:\/\/www.space-aero.org\/es\/sin-categorizar\/asamblea-general-space-2024\/\">Asamblea General SPACE 2024<\/a><\/blockquote>\n<script type='text\/javascript'>\n<!--\/\/--><![CDATA[\/\/><!--\n\t\t\/*! This file is auto-generated *\/\n\t\t!function(c,d){\"use strict\";var e=!1,n=!1;if(d.querySelector)if(c.addEventListener)e=!0;if(c.wp=c.wp||{},!c.wp.receiveEmbedMessage)if(c.wp.receiveEmbedMessage=function(e){var t=e.data;if(t)if(t.secret||t.message||t.value)if(!\/[^a-zA-Z0-9]\/.test(t.secret)){for(var r,a,i,s=d.querySelectorAll('iframe[data-secret=\"'+t.secret+'\"]'),n=d.querySelectorAll('blockquote[data-secret=\"'+t.secret+'\"]'),o=0;o<n.length;o++)n[o].style.display=\"none\";for(o=0;o<s.length;o++)if(r=s[o],e.source===r.contentWindow){if(r.removeAttribute(\"style\"),\"height\"===t.message){if(1e3<(i=parseInt(t.value,10)))i=1e3;else if(~~i<200)i=200;r.height=i}if(\"link\"===t.message)if(a=d.createElement(\"a\"),i=d.createElement(\"a\"),a.href=r.getAttribute(\"src\"),i.href=t.value,i.host===a.host)if(d.activeElement===r)c.top.location.href=t.value}}},e)c.addEventListener(\"message\",c.wp.receiveEmbedMessage,!1),d.addEventListener(\"DOMContentLoaded\",t,!1),c.addEventListener(\"load\",t,!1);function t(){if(!n){n=!0;for(var e,t,r=-1!==navigator.appVersion.indexOf(\"MSIE 10\"),a=!!navigator.userAgent.match(\/Trident.*rv:11\\.\/),i=d.querySelectorAll(\"iframe.wp-embedded-content\"),s=0;s<i.length;s++){if(!(e=i[s]).getAttribute(\"data-secret\"))t=Math.random().toString(36).substr(2,10),e.src+=\"#?secret=\"+t,e.setAttribute(\"data-secret\",t);if(r||a)(t=e.cloneNode(!0)).removeAttribute(\"security\"),e.parentNode.replaceChild(t,e)}}}}(window,document);\n\/\/--><!]]>\n<\/script><iframe sandbox=\"allow-scripts\" security=\"restricted\" src=\"https:\/\/www.space-aero.org\/es\/sin-categorizar\/asamblea-general-space-2024\/embed\/\" width=\"600\" height=\"338\" title=\"\u00abAsamblea General SPACE 2024\u00bb \u2014 SPACE Aero\" frameborder=\"0\" marginwidth=\"0\" marginheight=\"0\" scrolling=\"no\" class=\"wp-embedded-content\"><\/iframe>","thumbnail_url":"https:\/\/www.space-aero.org\/wp-content\/uploads\/2024\/04\/AsambleaGeneral2024-1-e1712841372564.jpeg","thumbnail_width":1830,"thumbnail_height":940,"description":"El pasado martes 9 de abril celebramos nuestra Asamblea General en Airbus Defence and Space Getafe. Este a\u00f1o, el encuentro se aloj\u00f3 en las nuevas instalaciones de espacio, pudiendo disfrutar tras la reuni\u00f3n de una visita guiada a las instalaciones de Airbus SPACE, donde se fabrican y ensamblan distintas piezas de estructuras del Ariane 6, adem\u00e1s de otros adaptadores de carga para diferentes modelos de cohetes.\u00a0"}

El pasado martes 9 de abril celebramos nuestra Asamblea General en Airbus Defence and Space Getafe. Este año, el encuentro se alojó en las nuevas instalaciones de espacio, pudiendo disfrutar tras la reunión de una visita guiada a las instalaciones de Airbus SPACE, donde se fabrican y ensamblan distintas piezas de estructuras del Ariane 6, además de otros adaptadores de carga para diferentes modelos de cohetes.
